-o**2 + 12*o - 13. Let i be j(8). Calculate the greatest common factor of i and 19.
19
Let u be (-44)/10*100/(-40). Let s(j) = 20*j**2 + 3*j + 3. Let g be s(-2). What is the greatest common divisor of g and u?
11
Let f(q) = q**2 - 8*q + 6. Let s be f(8). Suppose s*c - 2*c = v + 216, -4*c = 3*v - 232. Calculate the greatest common divisor of 22 and c.
11
Let a = -8 + 10. Let v(c) = -1. Let l(k) = 13*k - 6. Let x(r) = a*v(r) - l(r). Let o be x(-7). Calculate the greatest common divisor of 38 and o.
19
Suppose -2*w + 5*v + 16 = 2*v, -3*v = -6. Let s be (-2)/(-11) + 86/w. What is the highest common divisor of s and 56?
8
Suppose -4*z = -0*z - 4. Let b be (25*z)/((-1)/(-2)). Suppose -2*s + b = 3*s. Calculate the greatest common divisor of s and 10.
10
Let o = -5 - -14. Let m be 3/(-4)*48*-2. What is the greatest common divisor of o and m?
9
Let q(g) = g**2 + 3*g - 1. Let f be q(-2). Let b = f + 6. Suppose 5*x - 1 = 4*a + 43, -b*x = -2*a - 26. Calculate the greatest common divisor of 20 and x.
4
Suppose -4*k = -15 - 5. What is the highest common divisor of 2 and k?
1
Let z be ((1 - 0) + -2)*-17. Suppose h + 3*k - 139 = -0*h, -4*k + 140 = h. Calculate the greatest common factor of h and z.
17
Suppose -4*u = m - 12, 31 = 4*m + 5*u - 17. What is the highest common factor of 24 and m?
12
Suppose 2*i - 42 = -3*a + 5*i, -5 = i. Let j be 48*3/a*3. Calculate the highest common factor of j and 6.
6
Let m = -7 - -27. Let d = 98 - 88. What is the highest common divisor of m and d?
10
Suppose -132 - 228 = -4*f. What is the greatest common divisor of 10 and f?
10
Let j(t) = -t - 3. Let r be j(8). Let o = 20 + r. Let a be (-6)/o*(0 - 15). Calculate the highest common factor of a and 20.
10
Let t be 189/(-12) - (-2)/(-8). Let u = t + 27. Calculate the greatest common divisor of u and 11.
11
Let y = 6 - -5. What is the highest common divisor of y and 11?
11
Let t(h) = -9*h + 6. Let z be t(-4). Calculate the highest common divisor of z and 21.
21
Suppose 3*v = -4*z + 216, 3*v - 2*z = -0*v + 216. What is the greatest common factor of 9 and v?
9
Let d = 3 + -8. Let s be (-112)/(-5) - (-2)/d. Let q = -44 - -77. Calculate the greatest common divisor of q and s.
11
Let b be (-1 + 3)/(4/10). Suppose -g = -m + 12, 0 = 3*m - b*g - 36 - 6. Let z be m - (1 - (0 - -2)). What is the highest common factor of z and 40?
10
Suppose 13 + 17 = 3*n. Let j be (-1328)/(-12) - 4/6. What is the highest common divisor of n and j?
10
Let o = -107 - -124. What is the greatest common divisor of 51 and o?
17
Let n = -106 - -153. Let f = n - 17. Let a(c) = 4*c + 2. Let k be a(1). Calculate the greatest common factor of k and f.
6
Let x be 1*2/3 + (-147)/(-9). Let a = 80 - 29. What is the highest common factor of x and a?
17
Let y = 87 - 42. Let l be ((-1)/(-2))/(3/108). Calculate the highest common factor of y and l.
9
Let p(c) = c**2 + c - 1. Let f be p(-3). Let z be ((-18)/(-4))/((-3)/(-6)). Suppose f*x - z = 2*x. What is the highest common factor of 6 and x?
3
Suppose m = 3*n + 30, -4*m = 4*n - 3*m + 40. Let j = 12 + n. What is the highest common factor of 16 and j?
2
Let r(s) = 7*s + 2. Let w be r(2). Let p(l) = -41*l + 3. Let x be p(2). Let t = x - -119. Calculate the highest common factor of t and w.
8
Let d(x) = -x - 3. Let q be d(-5). Let n be 5/q*40/25. Suppose -l = -3*u + 527, n*u - 2*l = 582 + 120. Calculate the greatest common factor of u and 16.
16
Let v = -3 - -3. Let s be 0/(v - -3) + 2. Suppose s*x = 3*x - 20. Calculate the highest common divisor of 2 and x.
2
Let t(i) = -i**2 - 4*i + 7. Let c be t(-5). Let n = 1 - -4. Suppose 0 = 4*y - l - 22, 5*y - 23 = -n*l - 8. Calculate the greatest common divisor of y and c.
1
Suppose -67 - 23 = -5*c. Let z be ((-44)/(-6))/(2/54). What is the greatest common divisor of c and z?
18
Suppose r - 9*r + 600 = 0. What is the greatest common factor of r and 15?
15
Suppose -5*l + 4*y + 855 = 0, -2*l - 860 = -7*l + 3*y. Calculate the greatest common divisor of 25 and l.
25
Let c = 7 - 6. Let r = c + 9. What is the highest common factor of 90 and r?
10
Let b be (-4)/14 - (-69)/21. Suppose h - 8 = -o, 3*h + 5*o - 31 = b. Suppose 3*x - 47 = 4*p, h*p + 7 + 2 = x. Calculate the highest common factor of 7 and x.
7
Let a = 160 - 126. Calculate the greatest common divisor of a and 17.
17
Let g = 12 + -7. Let c be (2/5)/((-4)/(-180)). Suppose c + 2 = 2*o. What is the greatest common factor of g and o?
5
Suppose 0 + 60 = 5*t. Let v(a) = -2*a + 24. Let k be v(-3). What is the greatest common factor of t and k?
6
Let j be ((-2)/4)/((-1)/(-4)). Let a be j - (-2 - (-6)/(-1)). Suppose -2*g = -a*g + 16, 3*f + 5*g = 32. Calculate the highest common factor of f and 20.
4
Suppose -11 = 5*r + 4*f - 34, -5*r + 25 = 5*f. Suppose s = p - 10 - 0, -r*s + 10 = p. Let m = 25 + p. What is the greatest common divisor of m and 14?
7
Let p(v) = 21*v**2 + 2*v + 2. Let t be p(-1). Suppose 0 = 3*z - 4*z + t. Calculate the greatest common factor of 3 and z.
3
Let m(u) = -3*u + 1. Let y be m(-1). Let i(q) = -q**2 + 5*q + 1. Let l be i(y). Calculate the highest common divisor of l and 2.
1
Suppose 2*n + 6 = -2. Let q(p) = -p**2 - 3*p + 4. Let g be q(n). Let u be 2 + -2 + (7 - g). What is the highest common factor of 35 and u?
7
Suppose -9*o - 5 = -4*o. Let r be (-219)/(-3) + (o - 2). What is the greatest common factor of 10 and r?
10
Let r = -14 - -8. Let h be 168/10 + r/(-30). What is the highest common factor of h and 17?
17
Suppose 2*a = -2*a + 100. Let g = -36 - -76. Let k be (-2 + 1)/((-8)/g). Calculate the greatest common factor of a and k.
5
Let m = 5 - -22. Let z = m - 15. What is the greatest common factor of z and 4?
4
Let q(j) = 3*j**3 - 2*j**2 + 5*j - 4. Let a be q(2). Calculate the greatest common divisor of a and 198.
22
Suppose -7*u - 6 = -10*u. Calculate the highest common factor of u and 4.
2
Let g be 2/(-9) + (-141)/(-27). Let j = 45 - 24. Suppose 0 = 2*i - 69 - j. Calculate the greatest common factor of g and i.
5
Suppose -6*u + 11*u = 25. Let f = 14 - u. What is the greatest common divisor of f and 3?
3
Let n = 69 - 66. What is the highest common factor of 1 and n?
1
Suppose 10*d + 123 - 343 = 0. Calculate the highest common factor of d and 44.
22
Let i(k) = k**3 + 7*k**2 + 6*k. Let b be i(-6). Suppose m - 20 = -b*m. Calculate the greatest common divisor of 4 and m.
4
Let k(y) = y**3 - 6*y**2 - y + 13. Let i be k(6). Let t(f) = -3*f**3 - 4*f**2 + f. Let b be t(-3). What is the greatest common divisor of i and b?
7
Let f be (-15)/6*((-14)/10 - 1). What is the highest common factor of 18 and f?
6
Suppose 5*o - 25 = 85. Calculate the greatest common factor of o and 33.
11
Suppose -3*r - 5*n + 33 = -4, 0 = 4*r + 2*n - 26. Let g be 28/(-10)*(-40)/r. What is the highest common divisor of 4 and g?
4
Let g be 1 + 1 + -2 - -50. Suppose -5*j = -6*j + 57. Let d = j - 37. Calculate the greatest common divisor of d and g.
10
Suppose w + 2*j = 18, -17 = -4*w - j + 4*j. What is the greatest common factor of 200 and w?
8
Let u be (-2)/(-8) - 7/(-4). Let p(v) = v - 3. Let k be p(3). Let h = k - -1. Calculate the greatest common divisor of u and h.
1
Let i be -3*(-1)/3 - 0. What is the greatest common factor of 4 and i?
1
Suppose 2*t - 4 = 34. Let g = 27 - t. Suppose -2*m = -3*z + 5, 0 - 2 = 2*z + 4*m. Calculate the greatest common factor of z and g.
1
Let f(t) = 3*t**2 + 3*t + 3. Let r be f(-4). Calculate the highest common divisor of r and 13.
13
Suppose -d - 33 = -4*d. What is the greatest common factor of 55 and d?
11
Suppose 4*j = 2*b + 70, -4*j + 4*b = -5*j + 13. What is the greatest common divisor of 187 and j?
17
Let z(u) = 132*u**3 + u**2 - u + 1. Let f be z(1). Suppose -2*b = 2*a - 42, 5*a - b = b + f. Calculate the highest common factor of 5 and a.
5
Suppose -88 - 24 = -2*n. Calculate the greatest common factor of n and 28.
28
Suppose 0 = 5*j - 4*b - 340, 5*b + 10 = j - 79. Let v = j - 36. Calculate the highest common divisor of v and 4.
4
Let i be (4 - (-1 + -5)) + -1. What is the greatest common divisor of 36 and i?
9
Suppose -5 = 2*u - 11. Suppose -y - b = -3*y + u, 3*b = y + 1. Suppose -2*i + 2 = -y. What is the greatest common factor of 8 and i?
2
Let m = 2 + 6. Let a = -161 - -225. What is the highest common factor of a and m?
8
Let f(s) = 2*s + 11. Suppose -3*